= 72 + -68. Calculate the greatest common factor of g and c.
4
Suppose -4491 + 913 = -288*p + 11974. Let x be (44 - (0 - -1)) + 2. Let d be ((-6)/5)/((-3)/x). Calculate the greatest common divisor of p and d.
18
Suppose 0 = 6*d + 4484 + 1168. Let s = d - -1358. Calculate the greatest common factor of s and 48.
16
Let l be ((-402)/30 + -9)*-20. Calculate the highest common factor of l and 196.
28
Let v(j) be the second derivative of 3*j**2 + 1/6*j**3 + 10*j + 0. Let d be v(10). Calculate the highest common divisor of 16 and d.
16
Let i be (5 - 1) + (-3 - -1). Suppose 40 = 5*m + 5*w - 0*w, 0 = i*m - w - 16. What is the highest common divisor of 20 and m?
4
Suppose -2*m + n + 9 + 6 = 0, 3*n + 15 = 0. Suppose 3*v = -5*q + 121, 11*v - 66 = -4*q + 13*v. Calculate the greatest common divisor of q and m.
5
Let u(j) = j**3 + 17*j**2 - 859*j + 75. Let i be u(22). Calculate the greatest common divisor of 2544 and i.
53
Suppose 5*j = 2*t + 27, -75*t - 2*j + 22 = -73*t. Suppose 1211 = 5*p - 3*w, 4*p + 3*w - 967 = 6*w. Calculate the highest common factor of p and t.
4
Let n = 10486 - 10241. Calculate the highest common factor of 1260 and n.
35
Let k = -1595 - -1733. What is the greatest common divisor of k and 2829?
69
Let t be 41/(-5)*1*(-45)/9. Suppose -5*a = 5*n + 698 - 68, 15 = -5*a. Let d be 1*3/(-9)*n. Calculate the greatest common factor of d and t.
41
Suppose 0 = -2*x - x - 0*x. Suppose 13*g + 1941 - 13602 = x. What is the highest common factor of g and 39?
39
Suppose 0 = -2*p - 3*s + 781, 3*p + 0*s = -4*s + 1170. Let k = p + -375. What is the greatest common factor of k and 99?
11
Let s be (-1 - (3 + -6)) + -7 + 19. Suppose -s = -15*r + 256. Calculate the greatest common divisor of 45 and r.
9
Let u = -136 + 35. Let t = u + 104. Let g be t/4 + ((-20025)/(-20))/9. What is the greatest common factor of 7 and g?
7
Let h = -269 - -380. Let b = h + -79. Calculate the greatest common divisor of b and 24.
8
Let q(y) = y**2 + 10*y - 69. Let o be q(-15). Suppose 11*k = o*k + 1105. Calculate the greatest common factor of 13 and k.
13
Let o = -15873 - -20787. Calculate the highest common divisor of 13 and o.
13
Let p be (-4 + -5)/(-4 - (-7)/2). Suppose 0 = -6*y - 6 + p. Calculate the greatest common factor of y and 22.
2
Suppose -4*t = 254 - 766. Let d = 25 + t. Calculate the highest common factor of 9 and d.
9
Let x = -29 + 60. Suppose 29*r + 352 = x*r. Calculate the greatest common factor of r and 22.
22
Suppose -364 = 124*p - 2100. Calculate the greatest common divisor of 6874 and p.
14
Let g be (-25)/(-100) - 73/4. Let l be 31 + (-1 - 4/(-2)). Let v = l + g. What is the highest common divisor of v and 7?
7
Let i(m) = 6*m**2 - 23*m + 36. Let g be i(2). Suppose 0 = c - 2*p - 82, 437 = 5*c + 13*p - g*p. Calculate the greatest common factor of c and 1320.
88
Let d(v) = -v**3 - 28*v**2 + 40*v + 391. Let u be d(-29). Calculate the highest common factor of 801 and u.
9
Suppose 2*g - 2 = 2. Suppose -g*o + 450 = 3*o. Let f(t) = 11*t**3 + t**2 - 4*t + 2. Let q be f(1). Calculate the greatest common divisor of q and o.
10
Let u(p) = -91*p**2 + 2. Let a be u(1). Let x be (54 + 3)/(-3)*1. Let g = x - a. Calculate the highest common divisor of g and 175.
35
Let u be ((-1)/(-5) + (-16)/(-120))/(6/6984). Calculate the greatest common divisor of 2425 and u.
97
Suppose 4*x = r + 33, -2*r + 89 = -5*r + 2*x. Suppose 4*n + 98 = 2*t, -7*n - t - 29 = -6*n. Let y = n - r. Calculate the greatest common factor of 9 and y.
3
Suppose 2*i - 18 = -4*x, 4*i - x - 66 = x. Suppose -i*w - 6*w + 294 = 0. Calculate the highest common divisor of w and 91.
7
Suppose 0 = 2*m - 3*q - 1426, 0 = -4*m + 5*q - 3*q + 2828. What is the greatest common factor of m and 512?
64
Suppose -17*m - 27738 = -33*m - 7*m. What is the greatest common divisor of 54 and m?
18
Suppose -25*x = -3*x - 66. Suppose -x*i + 316 = -4*t + 6*t, -5*i = 2*t - 320. Suppose l = 5*l - 124. What is the greatest common factor of t and l?
31
Let l be (39 - 39)/33 + -1 + 387. What is the highest common divisor of 12 and l?
2
Suppose 6*k = 6381 + 3567. Suppose k = 9*z + 362. What is the highest common factor of z and 96?
48
Let s(n) = 3*n**2 - n - 5. Let u = 11 - 13. Let l = -5 - u. Let w be s(l). What is the greatest common factor of w and 175?
25
Let x(j) = -12*j - 92. Let b(r) = 5*r + 45. Let l(k) = 5*b(k) + 2*x(k). Let d be l(-8). What is the greatest common factor of d and 33?
33
Suppose -12*r - 8*r = -r - 2565. Calculate the highest common factor of 615 and r.
15
Let q(i) = 5*i**2 + 6*i + 10. Let b = -59 + 64. Suppose -s = -b*s - 24. Let y be q(s). Calculate the greatest common factor of 22 and y.
22
Let r = 106 + -135. Let g(x) = 3*x + 103. Let y be g(r). What is the highest common factor of y and 20?
4
Let i be 119/5 - (5 + (-156)/30). Calculate the greatest common divisor of 1752 and i.
24
Suppose 48 = 29*v - 25*v. Suppose 4*x = 20, -1 = -3*w + 10*x - 9*x. Let y be (6 + 2)*((-3)/6 + w). What is the highest common divisor of v and y?
12
Let b(d) = -d**2 + 23*d - 108. Let u be b(15). Suppose -169 = 2*j + 15. Let s be (-2)/(-2) + (u - j). Calculate the greatest common factor of s and 15.
15
Let m = -18 - -21. Suppose -8*x = -5*x - 5*u, 3*x = m*u. Suppose -3*z - 3*w + 393 = x, -4*z + 497 = -5*w - 0*w. What is the greatest common factor of z and 32?
32
Suppose -42*t - 3*b = -47*t + 2573, -5*b = 3*t - 1503. What is the highest common divisor of 219 and t?
73
Let k be 152/(-6)*9/(-3). Suppose -106*b = 30*b - 4*b - 15048. What is the greatest common divisor of k and b?
38
Let b(i) = 13*i**2 + i. Let y be b(-1). Suppose 0 = -y*v + 5*v - 7. Let l be 128 - ((2 - 5) + v). What is the greatest common factor of l and 44?
44
Let n(l) = 3*l + 2. Let h be n(3). Let g(b) = -b**2 + 12*b + 167. Let d be g(-8). Let w be (620/d - 40/70)/1. Calculate the greatest common factor of w and h.
11
Let v(d) = 29*d + 208. Let j be v(-7). Suppose 0 = j*z - 2*c - 301, -297 = -0*z - 5*z + 4*c. Calculate the highest common factor of 183 and z.
61
Suppose -3 = 3*d, 0 = 21*h - 20*h + 3*d - 9. Let y be 0 - -40*18/4. Calculate the greatest common divisor of y and h.
12
Let x be (0 - (-1 + 0))*54. Suppose 3*s = -3*i + 78, -76 = -20*i + 17*i - 5*s. What is the highest common divisor of i and x?
27
Suppose 192 = 2*d - 10*q + 14*q, 4*q = 12. Calculate the highest common divisor of d and 2790.
90
Let z = -28 - -43. Let u be 7/14 + 2750/20. Suppose -3*r - u + 156 = 0. Calculate the greatest common divisor of z and r.
3
Let p(u) = u**2 - 12*u - 115. Let z be p(20). Let v(f) = f**3 - 8*f**2 + 11*f - 16. Let c be v(8). Calculate the highest common divisor of c and z.
9
Let x(b) = b**3 - 13*b**2 - 15*b + 26. Let g = 31 + 37. Let h = -54 + g. Let m be x(h). What is the highest common divisor of m and 18?
6
Suppose -182900 = 16*g - 36*g. What is the greatest common divisor of g and 155?
155
Suppose -101*v + 39*v = -752*v + 886650. What is the greatest common divisor of v and 5911?
257
Let u be (-3)/((-30)/208) - ((-408)/(-60) - 6). Suppose 64 = p + 3*p. Calculate the highest common divisor of u and p.
4
Let i(z) = -2*z**3 + 23*z**2 - 12*z + 15. Let w be i(11). Let k be w*(42/6 + -6). Let u be 16*1*(-14)/(-7). Calculate the highest common divisor of k and u.
4
Let h be (-3)/5 + 3*13/15. Let u = -3825 - -3829. What is the highest common divisor of u and h?
2
Let m be (-70)/(-49) - 3 - 6/14. Let v be (-112)/14*((-27)/m)/(-3). What is the greatest common factor of v and 228?
12
Let s = -138 - -138. Suppose -2*a + 4*x = -46, s = -5*a + 5*x - 4 + 124. Calculate the greatest common divisor of 100 and a.
25
Suppose -10*s = 4*s - 34415 + 6107. What is the highest common factor of 6 and s?
6
Suppose -14*y = -9*y - 20. Suppose -3*m = -7*c + y*c - 15, -3*m + 15 = -4*c. Suppose c = 3*r - 7*r + 308. What is the greatest common divisor of r and 11?
11
Let v(g) = g**3 - 17*g**2 + 31*g + 5. Let b be 141/9 - 8/12. Let j be v(b). Calculate the greatest common divisor of j and 35.
5
Let y = -10915 + 20892. What is the highest common factor of 11 and y?
11
Let y(t) = 83*t + 1. Let k be y(1). Suppose -2*n + 46 = 4*r, 5*r = -0*r - 2*n + 58. Calculate the greatest common divisor of r and k.
12
Suppose 12*h - 6 = 198. Let o(m) = -m**2 + 18*m - 13. Let d be o(h). Suppose -d*t + 12 = -3*p, 2*p = 